eatest common divisor of 897 and 69?
69
What is the highest common factor of 100 and 225?
25
What is the greatest common divisor of 58 and 48778?
58
What is the greatest common divisor of 208 and 1008?
16
What is the highest common divisor of 2226 and 224?
14
Calculate the greatest common divisor of 4425 and 75.
75
Calculate the highest common factor of 116 and 4.
4
What is the greatest common factor of 546 and 234?
78
Calculate the greatest common divisor of 3 and 219.
3
Calculate the highest common divisor of 4 and 22.
2
Calculate the greatest common factor of 80 and 7180.
20
Calculate the highest common divisor of 700 and 150.
50
What is the highest common divisor of 3809 and 586?
293
Calculate the greatest common divisor of 1496 and 238.
34
Calculate the highest common divisor of 885 and 11328.
177
Calculate the highest common divisor of 42 and 6146.
14
What is the highest common factor of 1992 and 144?
24
Calculate the highest common factor of 75 and 44625.
75
Calculate the greatest common divisor of 484 and 4.
4
What is the greatest common factor of 25 and 35?
5
Calculate the greatest common divisor of 16 and 192.
16
What is the highest common divisor of 42 and 84?
42
Calculate the greatest common factor of 473 and 3655.
43
What is the greatest common divisor of 48 and 44?
4
What is the greatest common factor of 552 and 72?
24
What is the highest common factor of 275 and 1265?
55
Calculate the greatest common divisor of 14388 and 33.
33
What is the highest common divisor of 1023 and 132?
33
Calculate the highest common divisor of 28956 and 228.
228
What is the highest common divisor of 12 and 32?
4
What is the greatest common factor of 954 and 90?
18
What is the greatest common divisor of 1258 and 1850?
74
What is the greatest common divisor of 11 and 704?
11
Calculate the greatest common factor of 136 and 5576.
136
What is the greatest common divisor of 12 and 1500?
12
Calculate the highest common factor of 1080 and 45.
45
Calculate the greatest common factor of 322 and 154.
14
Calculate the highest common divisor of 112 and 126.
14
Calculate the highest common divisor of 621 and 27.
27
Calculate the greatest common divisor of 59 and 767.
59
Calculate the greatest common divisor of 22 and 2222.
22
What is the greatest common divisor of 1632 and 255?
51
What is the greatest common divisor of 150 and 120?
30
Calculate the greatest common factor of 34 and 43163.
17
Calculate the highest common divisor of 2198 and 14.
14
Calculate the highest common divisor of 559 and 129.
43
Calculate the highest common factor of 40 and 20.
20
What is the highest common factor of 156 and 228?
12
Calculate the highest common factor of 2092 and 44.
4
What is the highest common factor of 8 and 3656?
8
Calculate the greatest common factor of 4898 and 158.
158
What is the highest common divisor of 48 and 1888?
16
What is the greatest common divisor of 1140 and 60?
60
What is the highest common divisor of 40 and 200?
40
What is the greatest common factor of 35 and 35?
35
What is the highest common factor of 1054 and 17?
17
What is the greatest common divisor of 24 and 13050?
6
What is the highest common divisor of 184 and 46368?
184
What is the highest common factor of 25 and 7275?
25
What is the greatest common factor of 1196 and 736?
92
Calculate the highest common factor of 1541 and 268.
67
Calculate the greatest common divisor of 8 and 216.
8
Calculate the highest common factor of 24 and 9448.
8
What is the highest common factor of 403 and 31?
31
Calculate the highest common factor of 85 and 1615.
85
Calculate the greatest common divisor of 912 and 240.
48
What is the highest common divisor of 117 and 1131?
39
What is the highest common divisor of 1836 and 72?
36
Calculate the greatest common divisor of 37 and 333.
37
Calculate the highest common factor of 60 and 300.
60
Calculate the highest common factor of 540 and 1680.
60
What is the greatest common factor of 208 and 78?
26
What is the greatest common divisor of 50 and 865?
5
What is the greatest common factor of 1177 and 535?
107
What is the highest common factor of 88 and 12452?
44
Calculate the greatest common divisor of 46 and 805.
23
Calculate the greatest common divisor of 11 and 67793.
11
What is the highest common divisor of 7 and 329?
7
What is the greatest common divisor of 18870 and 90?
30
Calculate the greatest common factor of 24 and 54.
6
Calculate the highest common factor of 253 and 781.
11
Calculate the highest common factor of 429 and 4134.
39
What is the highest common divisor of 277 and 1?
1
Calculate the highest common factor of 1900 and 25.
25
Calculate the greatest common factor of 176 and 803.
11
What is the greatest common divisor of 628 and 124?
4
What is the highest common divisor of 2106 and 1365?
39
What is the highest common divisor of 18 and 747?
9
Calculate the highest common factor of 4 and 128.
4
Calculate the highest common divisor of 364 and 148.
4
What is the highest common factor of 248 and 16?
8
What is the highest common divisor of 15247 and 79?
79
What is the highest common divisor of 474 and 15?
3
What is the highest common divisor of 9 and 315?
9
Calculate the greatest common divisor of 103 and 3.
1
What is the highest common factor of 12934 and 116?
58
What is the highest common factor of 40 and 20?
20
Calculate the highest common divisor of 1974 and 16638.
282
Calculate the highest common divisor of 10 and 8.
2
What is the highest common factor of 1812 and 36?
12
Calculate the highest common factor of 460 and 1530.
10
Calculate the highest common factor of 708 and 12.
12
What is the greatest common divisor of 1870 and 990?
110
What is the greatest common divisor of 14927 and 506?
253
What is the greatest common factor of 5243 and 98?
49
What is the greatest common factor of 616 and 2552?
88
Calculate the highest common divisor of 280 and 13930.
70
Calculate the greatest common factor of 3708 and 24.
12
What is the greatest common divisor of 48 and 4356?
12
Calculate the greatest common factor of 1407 and 1029.
21
What is the greatest common factor of 45 and 14085?
45
What is the highest common divisor of 57 and 532?
19
Calculate the highest common divisor of 7 and 749.
7
Calculate the highest common factor of 399 and 107331.
399
What is the highest common divisor of 1197 and 2527?
133
What is the highest common divisor of 430 and 410?
10
Calculate the highest common divisor of 1062 and 90.
18
What is the greatest common factor of 82 and 10783?
41
Calculate the greatest common divisor of 662 and 2.
2
Calculate the highest common divisor of 30272 and 43.
43
Calculate the greatest common divisor of 68 and 748.
68
What is the greatest common factor of 4386 and 119?
17
What is the highest common factor of 481 and 117?
13
Calculate the greatest common factor of 2881 and 67.
67
Calculate the highest common factor of 10829 and 68.
17
What is the highest common factor of 88 and 616?
88
What is the highest common factor of 3 and 3?
3
What is the greatest common divisor of 12 and 6276?
12
What is the highest common divisor of 36 and 84?
12
Calculate the highest common factor of 2196 and 3904.
244
What is the greatest common factor of 6064 and 208?
16
Calculate the greatest common divisor of 253 and 5474.
23
Calculate the highest common factor of 150 and 180.
30
Calculate the greatest common divisor of 357 and 336.
21
What is the highest common divisor of 1775 and 71?
71
Calculate the highest common factor of 77 and 21.
7
What is the highest common divisor of 3078 and 38?
38
What is the highest common divisor of 1952 and 9638?
122
Calculate the highest common factor of 952 and 74732.
476
Calculate the highest common factor of 72 and 441.
9
What is the highest common divisor of 24 and 43956?
12
What is the greatest common divisor of 25 and 2?
1
Calculate the greatest common factor of 25 and 775.
25
What is the highest common divisor of 18 and 1629?
9
What is the highest common divisor of 1666 and 34?
34
What is the highest common divisor of 304 and 4104?
152
What is the highest common divisor of 162 and 16119?
81
Calculate the highest common factor of 140 and 126.
14
Calculate the greatest common factor of 3 and 16.
1
What is the greatest common divisor of 2509 and 26